{"id":600,"date":"2020-11-01T06:17:26","date_gmt":"2020-11-01T06:17:26","guid":{"rendered":"http:\/\/rolandritter.com\/?post_type=product&#038;p=600"},"modified":"2026-05-04T18:05:16","modified_gmt":"2026-05-04T18:05:16","slug":"idt-intelligens-dinoszaurusz-teoria","status":"publish","type":"product","link":"https:\/\/rolandritter.com\/?product=idt-intelligens-dinoszaurusz-teoria","title":{"rendered":"IDT &#8211; Intelligens dinoszaurusz te\u00f3ria"},"content":{"rendered":"<p>[et_pb_section fb_built=&#8221;1&#8243; _builder_version=&#8221;4.16&#8243; _module_preset=&#8221;default&#8221; background_color=&#8221;#000000&#8243; global_colors_info=&#8221;{}&#8221;][\/et_pb_section]<\/p>\n","protected":false},"excerpt":{"rendered":"<p>nyomtatott<\/p>\n","protected":false},"featured_media":853,"template":"","meta":{"_et_pb_use_builder":"on","_et_pb_old_content":"<h5><strong>MOST AJ\u00c1ND\u00c9K H\u0170T\u0150M\u00c1GNESSEL!<\/strong><\/h5>\r\nNyomtatott hagyom\u00e1nyos k\u00f6nyv, aj\u00e1nd\u00e9k h\u0171t\u0151m\u00e1gnessel, a k\u00e9szlet erej\u00e9ig.\r\n\r\nKiad\u00f3: BatCave Publishing\r\nOldalak sz\u00e1ma: 448\r\nBor\u00edt\u00f3, k\u00f6t\u00e9s: puhat\u00e1bl\u00e1s, ragasztott\r\nISBN: 978-615-00-9196-9\r\nNyelv: magyar\r\nKiad\u00e1s \u00e9ve: 2020\r\nIllusztr\u00e1ci\u00f3k: 18db fekete-feh\u00e9r (k\u00e9sz\u00edtette: Sz\u0151ke Kathrin)\r\n\u00cdr\u00f3: Roland Ritter","_et_gb_content_width":""},"product_cat":[22],"product_tag":[],"_links":{"self":[{"href":"https:\/\/rolandritter.com\/index.php?rest_route=\/wp\/v2\/product\/600"}],"collection":[{"href":"https:\/\/rolandritter.com\/index.php?rest_route=\/wp\/v2\/product"}],"about":[{"href":"https:\/\/rolandritter.com\/index.php?rest_route=\/wp\/v2\/types\/product"}],"wp:featuredmedia":[{"embeddable":true,"href":"https:\/\/rolandritter.com\/index.php?rest_route=\/wp\/v2\/media\/853"}],"wp:attachment":[{"href":"https:\/\/rolandritter.com\/index.php?rest_route=%2Fwp%2Fv2%2Fmedia&parent=600"}],"wp:term":[{"taxonomy":"product_cat","embeddable":true,"href":"https:\/\/rolandritter.com\/index.php?rest_route=%2Fwp%2Fv2%2Fproduct_cat&post=600"},{"taxonomy":"product_tag","embeddable":true,"href":"https:\/\/rolandritter.com\/index.php?rest_route=%2Fwp%2Fv2%2Fproduct_tag&post=600"}],"curies":[{"name":"wp","href":"https:\/\/api.w.org\/{rel}","templated":true}]}}